e 13, what is -4 - 29784c?
-297853
In base 16, what is -40e - 7324?
-7732
In base 13, what is 2 + -446a396a?
-446a3968
In base 5, what is 2410 - -1222213?
1230123
In base 7, what is -1516350 - -2?
-1516345
In base 14, what is 8 - -26745b?
267465
In base 14, what is -db5d6b3 + 2?
-db5d6b1
In base 10, what is 150796 + -393?
150403
In base 11, what is -1a494a2 + -2?
-1a494a4
In base 12, what is -2249320 - -4?
-2249318
In base 11, what is -42 + -8a348?
-8a38a
In base 13, what is -cc30 + -7bb?
-1071b
In base 9, what is 573 + 6037?
6621
In base 12, what is 5b72 - -479?
642b
In base 2, what is -100 - -101011111100100101010?
101011111100100100110
In base 2, what is -100011110110101001010 - -11?
-100011110110101000111
In base 14, what is -a9 - 20b34?
-20bdd
In base 11, what is 141 - -1a5523a?
1a55380
In base 13, what is -1 - -28557082?
28557081
In base 3, what is -1221000221110 + 2110?
-1221000212000
In base 2, what is 11011010010111101111010000 - -10?
11011010010111101111010010
In base 12, what is -66 + -270b1?
-27157
In base 9, what is 2 - 228125161?
-228125158
In base 13, what is 118a4ca - 18?
118a4b2
In base 3, what is -11 - 11200111221222000?
-11200111221222011
In base 7, what is -1 + -4121113560?
-4121113561
In base 3, what is 12 + -111220100100021121?
-111220100100021102
In base 11, what is 103145 - -8?
103152
In base 4, what is 10 + 103023100?
103023110
In base 9, what is 1 + -320601?
-320600
In base 4, what is 1033232202230 + 33?
1033232202323
In base 5, what is 2444102204 - 320?
2444101334
In base 16, what is 0 + aee44f?
aee44f
In base 5, what is 34 - -11210133?
11210222
In base 10, what is -1 - 82456057?
-82456058
In base 5, what is -401220431 - -10?
-401220421
In base 12, what is -14 - 128a2b?
-128a43
In base 13, what is -296 + -5a11b8?
-5a1481
In base 8, what is 22034600 + -3?
22034575
In base 9, what is -13 + -1512758?
-1512772
In base 8, what is -1 + 4775364?
4775363
In base 12, what is -2 - 6b0436?
-6b0438
In base 7, what is -1141262026 - -5?
-1141262021
In base 11, what is 26747 + 112?
26859
In base 11, what is 5 + 5a578?
5a582
In base 14, what is 58430a1 - -2?
58430a3
In base 3, what is 1101221011 - 110?
1101220201
In base 2, what is 110101000001010001010 - -1101?
110101000001010010111
In base 3, what is -222110012020121 - -11?
-222110012020110
In base 8, what is -35467332 - -5?
-35467325
In base 4, what is -20103330 - 13103?
-20123033
In base 2, what is -10100011010000001111 - -10111?
-10100011001111111000
In base 4, what is -1000 - -1033001220?
1033000220
In base 7, what is -4366441 - 12?
-4366453
In base 11, what is -3a - -1845192?
1845153
In base 13, what is 153 - 30a22?
-3089c
In base 10, what is 70736 - -637?
71373
In base 2, what is 1101110000000 + 110000101110100?
111110011110100
In base 11, what is 2 - 4400600?
-44005a9
In base 11, what is 4 + a015922?
a015926
In base 9, what is -4 + 7608820?
7608815
In base 11, what is 35 + -79857?
-79822
In base 14, what is 134754 - 6?
13474c
In base 10, what is 8876536 - -2?
8876538
In base 10, what is -1098404 + -167?
-1098571
In base 14, what is -24 + -44c24?
-44c48
In base 2, what is 11001011000010 + -10001011101?
10111001100101
In base 10, what is -45719 + -43?
-45762
In base 4, what is -1011133331 + 21112?
-1011112213
In base 8, what is -10017475 + -2?
-10017477
In base 2, what is -1 - 110011100111100000110000010?
-110011100111100000110000011
In base 9, what is 671533 + -2?
671531
In base 5, what is 21 - 234343410?
-234343334
In base 12, what is 363 - 172258?
-171ab5
In base 9, what is -5 - -731841265?
731841260
In base 14, what is -83b3cd2 - -14?
-83b3cbc
In base 4, what is 2223332 + 20103?
2310101
In base 8, what is -2 + -34526013?
-34526015
In base 12, what is 2 - -1040b30b?
1040b311
In base 12, what is -20833 + -439?
-21070
In base 7, what is 120153 - -162?
120345
In base 12, what is 1b + -21601b?
-216000
In base 6, what is 250434 - -245?
251123
In base 11, what is -20282 - -6?
-20277
In base 9, what is -175 - 73451?
-73636
In base 6, what is 32443255 - -34?
32443333
In base 10, what is 5506300 + 1?
5506301
In base 6, what is -2 + 3003552023?
3003552021
In base 4, what is 131 + 102032031233?
102032032030
In base 3, what is -211 - -1010101012122?
1010101011211
In base 7, what is 6 + 25603335?
25603344
In base 14, what is -14 - 3a3d47?
-3a3d5b
In base 9, what is -13 + -2604360?
-2604373
In base 9, what is 115545 - 21?
115524
In base 16, what is -27 - -11edd?
11eb6
In base 2, what is 10101000101010011 + 100100001?
10101001001110100
In base 10, what is 4 - -292803992?
292803996
In base 5, what is -144 + -111203012?
-111203211
In base 7, what is 25540524464 + -4?
25540524460
In base 11, what is -3770 + 136a7?
aa37
In base 14, what is -719d2 - -117?
-718b9
In base 7, what is -535523 + 146?
-535344
In base 2, what is 10000111001100001 - 100011?
10000111000111110
In base 13, what is 2170c - -1a9?
218b8
In base 11, what is 17a83 + 0?
17a83
In base 11, what is -137 - 3aa7a?
-40106
In base 11, what is 293a04 + 14?
293a18
In base 3, what is -101012022022 - -100122?
-101011221200
In base 13, what is -2b + -15caa75?
-15caaa3
In base 8, what is -322 - -23406?
23064
In base 14, what is -100 - 15aa01?
-15ab01
In base 6, what is -3544321 + 543?
-3543334
In base 8, what is 23521 + -277?
23222
In base 6, what is -1305 + 2430344?
2425035
In base 2, what is 0 - -10010010010101001000110?
10010010010101001000110
In base 13, what is -676002 - -1?
-676001
In base 11, what is 492807 - -7?
492813
In base 6, what is 0 + 12010123?
12010123
In base 11, what is -15454 - -a753?
-5801
In base 2, what is -1001011 - -100101011000001001?
100101010110111110
In base 6, what is 1211 - 231120021?
-231114410
In base 6, what is 13210 + 2131235?
2144445
In base 16, what is c06 + eeb8?
fabe
In base 6, what is -135223 + 34?
-135145
In base 16, what is 3435 + -15d7?
1e5e
In base 3, what is 2210222 + -122010?
2011212
In base 7, what is 6 + 30302651?
30302660
In base 6, what is -1 - 3242501245?
-3242501250
In base 16, what is -46c00af + 3?
-46c00ac
In base 13, what is -2b - 198018?
-198046
In base 7, what is -4535301 - 14?
-4535315
In base 16, what is -1ece2a62 + 4?
-1ece2a5e
In base 8, what is -3370403 - 11?
-3370414
In base 12, what is 128 + -117692?
-117566
In base 4, what is 12031 + -1031?
11000
In base 4, what is -2320311 - 10131?
-2331102
In base 9, what is -312 + -2083650?
-2084062
In base 13, what is -5 + -499ca56?
-499ca5b
In base 15, what is -76b + -32a59?
-332c5
In base 9, what is -3527148 - 8?
-3527157
In base 3, what is 11212002022202 - 122?
11212002022010
In base 12, what is 29b0b8a - 1?
29b0b89
In base 10, what is -19046859 - -14?
-19046845
In base 2, what is -10100101000100100111111000 + -10?
-10100101000100100111111010
In base 14, what is -43c + 8b57?
8719
In base 2, what is 10 - 1110000101100101000101?
-1110000101100101000011
In base 10, what is -12 + -949014?
-949026
In base 16, what is -a7 - 3cb7?
-3d5e
In base 5, what is -1 + -43211211?
-43211212
In base 7, what is 113352 - -25321?
142003
In base 3, what is -1000120202021 - 212?
-1000120210010
In base 15, what is 0 + 75800?
75800
In base 4, what is 210103330103 - -132?
210103330301
In base 14, what is -2d - 8b9655?
-8b9684
In base 4, what is 20 + -101321013?
-101320333
In base 5, what is 240433333 + -313?
240433020
In base 8, what is -3040370 - -60?
-3040310
In base 4, what is -100 - -130321213200?
130321213100
In base 5, what is -3402301310 - -3?
-3402301302
In base 5, what is 234311 - 114104?
120202
In base 16, what is 17c5b1 + -7?
17c5aa
In base 7, what is -45400 + -20306?
-66006
In base 2, what is -1010 + -1111011000011001000001?
-1111011000011001001011
In base 9, what is -66554 - -6513?
-60041
In base 4, what is -32213 + -1031012?
-1123231
In base 10, what is 7 - -60591962?
60591969
In base 14, what is a8d24 + -65?
a8c9d
In base 5, what is -1414210 - -201014?
-1213141
In base 15, what is 2 + -6dbbb?
-6dbb9
In base 10, what is -4 + 38182615?
38182611
In base 7, what is -1342146466 + 1?
-1342146465
In base 16, what is 16 + 6852c?
68542
In base 8, what is 23624 - 1657?
21745
In base 15, what is 5 + -13e82a8?
-13e82a3
In base 2, what is -101 + -1011111110010111100101110110?
-1011111110010111100101111011
In base 7, what is 141511416 - 5?
141511411
In ba